Calculate o(j).
-4
Let j = 1 + 4. Let k(c) = 1 - 2*c + j*c + 2. Calculate k(-4).
-9
Let o(p) be the third derivative of -5*p**4/24 + p**3/6 + 3*p**2. Let k = -1 - -2. What is o(k)?
-4
Let c(p) be the first derivative of -p + 1/2*p**2 - 4. What is c(-2)?
-3
Suppose 12 = -3*a + 5*a. Suppose 0 = -3*j - a. Let b(x) = 2*x**3 + 3*x**2 + 2*x + 1. Determine b(j).
-7
Let h(r) = -6 + 2*r + 2*r - 6*r - 3*r + r**2. Let y be h(5). Let w(t) = t**3 + 7*t**2 + 8*t + 5. Determine w(y).
-7
Let z(b) = 2*b - 6. Let p(i) = -3*i**3 - 2*i - 1. Let y be p(-1). Let j be z(y). Let u(s) be the third derivative of -s**4/4 + s**3/6 + 4*s**2. What is u(j)?
-11
Let i(w) be the first derivative of 1/2*w**2 - 2*w - 5 - 1/3*w**3. Determine i(4).
-14
Suppose s - g + 3 = -2, g = 4. Let u be 3 + s*4 + 1. Let j = 3 + u. Let y(c) = 2*c - 1. Determine y(j).
5
Let i = 203 + -198. Let l(v) = 5*v**2 - 3*v + 7. Let p(h) be the second derivative of h**4/2 - h**3/3 + 4*h**2 + h. Let s(q) = 5*l(q) - 4*p(q). What is s(i)?
-7
Let j(s) = -s**2 + 4*s + 6. Suppose r - 4 = -2*p, -2*r = -5*p + 3*r - 5. Let q be (-36)/(-3 + p)*1. Let y = -13 + q. What is j(y)?
1
Let x(s) be the second derivative of -s**4/24 - s**3 + 5*s**2/2 - 3*s. Let t(j) be the first derivative of x(j). What is t(-6)?
0
Let k(l) = l**2 - 4*l - 1. Let t be k(5). Let d(p) = -t*p + 2 - 3 - 1 + 3*p. Calculate d(3).
-5
Let t(m) = -4*m - 10 + 12 + m. Give t(2).
-4
Let w(f) be the second derivative of 1/3*f**3 + 3*f + 0 + 2*f**2. Calculate w(-3).
-2
Let b(g) = -1. Let r(z) = -2*z - 4. Let k(l) = b(l) + r(l). Calculate k(5).
-15
Suppose -20 = 7*n - 3*n. Let q(j) be the second derivative of j**3/6 - 2*j**2 - 21*j. Determine q(n).
-9
Let q(y) = 4*y + 7. Suppose -2*v = 3*v - 15. Suppose 4 = -2*i, 0*i - v*i - 21 = 3*w. What is q(w)?
-13
Let v = 13 + -7. Let n = v - 0. Let d(z) = -2*z**2 - 4*z - 4. Let i(m) = 3*m**2 + 4*m + 3. Let r(g) = 4*d(g) + 3*i(g). Calculate r(n).
5
Let f(o) = o**2 - 4*o + 3. Suppose -13*m = -14*m + 3. Give f(m).
0
Let u(x) = -x - x - x**2 + 0*x + x**3 + 2. Determine u(2).
2
Let p = -27 - -29. Let n(v) = 2*v**3 - 4*v**2 + 2*v + 2. Determine n(p).
6
Let k(c) = c**2 + 3*c - 2. Let d be k(-3). Let w(l) be the third derivative of l**6/60 + l**5/20 + l**4/24 - l**3/6 + 4*l**2. What is w(d)?
-7
Suppose -3*h + 0 = -9. Let y(j) = -j**3 - j**2 + 2*j - 3. Let l(q) = -3*q**3 - q**2 + 5*q - 7. Let p(d) = -2*l(d) + 5*y(d). Calculate p(h).
-1
Let i be (-8)/(-4)*(-1)/(-1). Let h(x) = -x**3 - 1 - x**2 + 0*x**3 + 0*x + 4*x + i. Give h(-3).
7
Let d = -50 + 52. Let n(g) = -8*g - 1. Calculate n(d).
-17
Let t be -4 - (2 - 3)*2. Let u(i) = -i**2 + i + 2. Give u(t).
-4
Let u(g) be the second derivative of -g**5/20 - g**4/3 + g**3/3 + 5*g**2/2 + 3*g. Suppose -7*y + 32 = -3*y. Suppose -5*d - 12 = y. Give u(d).
-3
Let n(r) = -10*r**3 - 2*r**2 - 2*r - 1. Let b be 0 - 0 - 1/1. Let w be (1 - 2)/(2 + b). What is n(w)?
9
Suppose 2*w + 1 = -5. Let g(y) be the second derivative of -y**4/12 - y**3/6 + 3*y**2/2 - 6*y. Determine g(w).
-3
Suppose 4 - 2 = c. Let g(t) = -3 - 6*t**c + 5*t**2 - t**2 + t**2 + 5*t. Calculate g(5).
-3
Let l(t) = 3*t**3 + 4*t**2 - 4*t + 1. Let m(b) = 6*b**3 + 7*b**2 - 7*b + 2. Let z(c) = 7*l(c) - 4*m(c). Suppose 3*q - 28 = -5*n - 0, n - 10 = -5*q. Give z(q).
-4
Suppose -2*x - 2 = -4*z, -10*z + 8*z = -2*x. Let o(s) = -4*s + 2. What is o(z)?
-2
Let w(x) = -x**3 + 6*x**2 - x + 6. Let j(d) = d**2 - 2*d + 3. Suppose 3*z + 2*h + 1 = 0, 0 = 5*z - 3*h - 9 - 21. Let c be j(z). What is w(c)?
0
Let f(i) = i**2 + i + 2. Let o be 2 - 1*(-4 + 0). Let c be (3 + -4)/(3/o). What is f(c)?
4
Let j(l) = l**3 - 2*l**2 - l - 1. Let w(z) = z**3 - 6*z**2 + z + 3. Let d be w(6). Let o be (-2)/d + 20/9. Determine j(o).
-3
Let g = 25 + 3. Suppose -z - 2 = 2, g = 4*v - 2*z. Let u(w) = 4 - w**3 + 0 - w - v*w**2 + 2*w**3. Calculate u(5).
-1
Let c(s) = -4*s**2 - 2*s**2 + 7*s**2. Let m(x) = -2*x**2 - 12*x - 2. Let i be m(-6). What is c(i)?
4
Suppose -f - 3*z = -7 + 24, -15 = -f + 5*z. Let g(i) = -3*i + 2. Let h(o) = -o + 1. Let y(d) = 3*g(d) - 8*h(d). Calculate y(f).
3
Let k(l) = -l - 1. Let w(r) = 3*r + 7. Let d(t) = -2*k(t) - w(t). Give d(0).
-5
Suppose 5*m + 6 = 21. Let j(a) = 16*a**3 - 14*a**m - 1 + 2. Suppose 1 + 2 = -3*h. Determine j(h).
-1
Let a be -1 + -3*1/(-3). Let i(u) = 4*u + 5 - 3*u + a. Let w = 2 + -7. What is i(w)?
0
Let d be 0*(1/4)/((-1)/2). Let i(l) be the second derivative of d - 7/2*l**2 + 4*l + 1/6*l**3. Determine i(5).
-2
Suppose 0 = -3*c - 3*n - 0*n, 0 = 3*c + 5*n + 6. Let m(b) = 5*b**2 - 3 - 5*b - 7*b**2 + 2*b**c - b**3. Give m(4).
9
Suppose -4*l = 6 - 14. Let x(b) = -b + 7*b**2 - l - b**3 - 7*b**2. Calculate x(-2).
8
Let c(z) = -z**2 - 6*z - 5. Let i be c(-4). Let v(l) = l**3 - 5*l**2 + 4*l - 4. What is v(i)?
-10
Let q(d) be the third derivative of 1/12*d**4 - 2*d**2 - 5/6*d**3 + 0*d + 0. Suppose 0 = -i + 6*i - 25. Determine q(i).
5
Let n(s) = s**3 - 8*s**2 - 10*s + 8. Suppose -2*p + 8 + 10 = 0. Calculate n(p).
-1
Let t(h) = -h**2 + 4*h - 1. Let r(b) be the first derivative of -b**2/2 - 3*b + 2. Let z be r(-5). Determine t(z).
3
Let w(k) = 1. Let s = -2 - -1. Let v(o) = o - 14. Let m(l) = -3*l + 41. Let u(h) = -4*m(h) - 11*v(h). Let q(j) = s*u(j) - 4*w(j). Determine q(0).
6
Suppose 3*n = 3*i - 0 - 3, -2*i + 4 = 0. Let g(m) = 3*m**2 - m - 12 + 6 + 7. What is g(n)?
3
Let q(c) = 2*c + 2. Let y(a) = 2*a - 13. Let b be y(10). Let l = b - 5. Calculate q(l).
6
Let f(x) = -x**2 + 1. Let u(b) = -2*b**2 + 3*b - 3. Let j(q) = 2*f(q) + u(q). Calculate j(2).
-11
Let p(z) = -9*z**2 + 4*z - 3. Let f(l) = -5*l**2 + 2*l - 1. Let i(a) = -5*f(a) + 2*p(a). Let j = -2 + 1. Determine i(j).
8
Let w(u) = u**2 + 7*u + 3. Suppose 2 = -4*o - 2*s - 6, 2*s = 3*o - 8. Suppose 2*i - 5*i - 18 = o. Calculate w(i).
-3
Let h = 0 - -4. Suppose 34 = 3*u - 4*v, -h*u + 0*u - 5*v + 4 = 0. Let x(a) = a**2 - 4*a - 6. Calculate x(u).
6
Let o(n) be the third derivative of -1/3*n**3 + 0 + 9*n**2 - 1/24*n**4 + 0*n. Let q = 1 - 6. Give o(q).
3
Let l(z) = 3*z**3 + z**2 - 4*z - 2. Let n(q) = 7*q**3 + q**2 - 8*q - 4. Let w(c) = -5*l(c) + 2*n(c). Determine w(-4).
2
Suppose -z - 6 = -5*c + z, 5*c = -4*z + 18. Let x(j) = j**3 - j + 1. Calculate x(c).
7
Suppose -5*r + 6*f - 2*f + 9 = 0, 8 = 2*f. Suppose h + 16 = r*h. Let z(l) = -7*l + 6. Let g(t) = -8*t + 7. Let p(n) = h*z(n) - 3*g(n). Determine p(2).
-5
Let u(m) = -m + 5 - m**2 + 0*m**2 + 0. Let o(b) = -b**3 - 5*b**2 + 5*b - 6. Let l be o(-6). Suppose 7*h - 3*h - q + 21 = l, -q + 9 = -h. What is u(h)?
-7
Let i(a) = a**2 - 5. Let r = 8 + 2. Let s = -10 + r. Calculate i(s).
-5
Let z(y) = -5*y**2 - y + 1. Let u(s) = s**2 + 3*s + 3. Let x = -3 + -3. Let d be x/(-21) - (-32)/(-14). Let w be u(d). What is z(w)?
-5
Suppose -4*s - 9 = -5*a + 12, a = s + 5. Let n be 2*(a - 0) - 1. Let o(x) = -x + 1. Calculate o(n).
0
Suppose 12 = 3*t - 9*t. Let b(z) = 3*z. Give b(t).
-6
Let j(o) = 5*o + 14. Let s be j(-4). Let u(y) = y**2 + 8*y + 2. Give u(s).
-10
Let c be (-6 - -11) + (-1)/(-1). Let x(d) = d**3 - 5*d**2 - 6*d + 7. Give x(c).
7
Let j(s) be the third derivative of s**2 - 1/3*s**4 + 1/60*s**5 + 7/6*s**3 + 0*s + 0. Let a be ((-15)/(-12))/((-3)/(-12)). What is j(a)?
-8
Let g(k) = k**2 - 4. Let z be g(-3). Suppose 3*a + z + 7 = 0. Let o(v) = 6 + v + 2 + 1. Calculate o(a).
5
Let v(p) = -2*p**2 - 8*p - 6. Suppose -2*l + 3*c = 13, 0 = -l - 4*c - 6 + 5. Determine v(l).
-16
Let d = -3 + 23. Suppose y + 1 + 3 = g, -3*g = 5*y + d. Let k be (1 - 4)/((-3)/y). Let q(h) = h**3 + 3*h**2 - 6*h - 4. Give q(k).
4
Let i(o) = o**3 + o**2 + o - 1. Let l be i(0). Let n = l + 0. Let t be (-3 + 2)*(n + 1). Let m(y) = -y**3 - y**2 - y - 1. What is m(t)?
-1
Let u(r) = -r**2 + 3*r + 6. Suppose 2*f = t - f - 20, 4*t - 35 = 3*f. Determine u(t).
-4
Let a(f) = 3*f - 4. Let y(v) = -4*v + 4. Let k(q) = 7*a(q) + 6*y(q). Determine k(-4).
8
Let n(c) be the second derivative of 5*c**3/6 - c**2/2 - 12*c. Calculate n(1).
4
Let q = 13 - 9. Suppose -10*d + 4*d = -18. Let f(p) = 2*p**3 + 5*p - d*p + 3 - 4*p**3 + 3*p**3 + q*p**2. Give f(-3).
6
Suppose 0 = r + 2*w - 13, 0*w - 2*w = -4*r + 12. Let j(q) = 4 - 12*q**2 - 6 + 11*q**2 - 6 - r*q. What is j(-6)?
-14
Suppose -2*i - 14 = -m - 3*i, -38 = -3*m - 2*i. Let l = 12 - m. Let f(y) = -3*y + y**2 + y**2 + 0*y**2 + 3 - y**3. Calculate f(l).